450?
269
Calculate the remainder when 5325 is divided by 1775.
0
What is the remainder when 12311 is divided by 4007?
290
What is the remainder when 506 is divided by 150?
56
What is the remainder when 660527 is divided by 132103?
12
Calculate the remainder when 10138 is divided by 39.
37
Calculate the remainder when 17645 is divided by 570.
545
What is the remainder when 11509 is divided by 768?
757
What is the remainder when 3600 is divided by 1081?
357
What is the remainder when 25457 is divided by 12702?
53
What is the remainder when 67385 is divided by 648?
641
What is the remainder when 158422 is divided by 15841?
12
What is the remainder when 240795 is divided by 90?
45
Calculate the remainder when 929 is divided by 218.
57
What is the remainder when 4819182 is divided by 848?
846
What is the remainder when 1988 is divided by 221?
220
What is the remainder when 237939 is divided by 555?
399
Calculate the remainder when 901 is divided by 308.
285
Calculate the remainder when 85323 is divided by 13.
4
What is the remainder when 18868 is divided by 7?
3
What is the remainder when 328528 is divided by 27?
19
What is the remainder when 407560 is divided by 67?
66
Calculate the remainder when 113904 is divided by 9.
0
Calculate the remainder when 3706 is divided by 60.
46
Calculate the remainder when 7296 is divided by 3636.
24
What is the remainder when 187551 is divided by 37?
35
What is the remainder when 82688 is divided by 198?
122
What is the remainder when 2237 is divided by 30?
17
Calculate the remainder when 763762 is divided by 243.
13
What is the remainder when 137329 is divided by 9?
7
Calculate the remainder when 924 is divided by 66.
0
Calculate the remainder when 53372 is divided by 1271.
1261
Calculate the remainder when 838070 is divided by 154.
2
Calculate the remainder when 14104 is divided by 103.
96
Calculate the remainder when 149975 is divided by 4999.
5
What is the remainder when 18546 is divided by 6177?
15
Calculate the remainder when 4425 is divided by 21.
15
Calculate the remainder when 7981 is divided by 93.
76
What is the remainder when 14295 is divided by 14291?
4
What is the remainder when 6283 is divided by 6140?
143
Calculate the remainder when 770 is divided by 133.
105
What is the remainder when 39006 is divided by 12996?
18
Calculate the remainder when 4988890 is divided by 32.
26
What is the remainder when 279009 is divided by 10?
9
What is the remainder when 106716 is divided by 29?
25
What is the remainder when 13473 is divided by 465?
453
Calculate the remainder when 22223 is divided by 2714.
511
What is the remainder when 6060 is divided by 160?
140
Calculate the remainder when 951 is divided by 267.
150
What is the remainder when 286501 is divided by 83?
68
What is the remainder when 55096 is divided by 21?
13
What is the remainder when 10187 is divided by 144?
107
Calculate the remainder when 2594 is divided by 579.
278
What is the remainder when 3237 is divided by 2951?
286
What is the remainder when 157439 is divided by 429?
425
What is the remainder when 1790 is divided by 492?
314
What is the remainder when 102320 is divided by 14616?
8
What is the remainder when 1201740 is divided by 41?
30
Calculate the remainder when 3959 is divided by 119.
32
Calculate the remainder when 111710 is divided by 77.
60
What is the remainder when 1211 is divided by 12?
11
Calculate the remainder when 26672 is divided by 2934.
266
Calculate the remainder when 12258 is divided by 32.
2
Calculate the remainder when 164095 is divided by 281.
272
Calculate the remainder when 2308 is divided by 106.
82
Calculate the remainder when 17874 is divided by 1493.
1451
Calculate the remainder when 993 is divided by 634.
359
Calculate the remainder when 3161 is divided by 964.
269
What is the remainder when 15492 is divided by 115?
82
What is the remainder when 46580 is divided by 787?
147
What is the remainder when 57194 is divided by 93?
92
What is the remainder when 24663 is divided by 257?
248
Calculate the remainder when 22768 is divided by 15.
13
What is the remainder when 7686 is divided by 169?
81
What is the remainder when 8111 is divided by 989?
199
What is the remainder when 35925 is divided by 5128?
29
Calculate the remainder when 275231 is divided by 282.
281
What is the remainder when 22118 is divided by 10996?
126
Calculate the remainder when 15798 is divided by 444.
258
What is the remainder when 217667 is divided by 43521?
62
What is the remainder when 601408 is divided by 50?
8
Calculate the remainder when 105519 is divided by 482.
443
What is the remainder when 1090 is divided by 152?
26
Calculate the remainder when 5452 is divided by 5201.
251
Calculate the remainder when 183485 is divided by 819.
29
What is the remainder when 83166 is divided by 87?
81
Calculate the remainder when 121528 is divided by 412.
400
Calculate the remainder when 4414 is divided by 915.
754
What is the remainder when 4892 is divided by 1614?
50
Calculate the remainder when 881 is divided by 226.
203
Calculate the remainder when 1165450 is divided by 116.
114
What is the remainder when 6806 is divided by 4548?
2258
What is the remainder when 17584 is divided by 452?
408
Calculate the remainder when 146650 is divided by 15.
10
Calculate the remainder when 3590 is divided by 3570.
20
What is the remainder when 9395 is divided by 202?
103
Calculate the remainder when 724 is divided by 428.
296
Calculate the remainder when 12031 is divided by 10844.
1187
What is the remainder when 266392 is divided by 1070?
1032
Calculate the remainder when 14853 is divided by 550.
3
What is the remainder when 712631 is divided by 14?
3
Calculate the remainder when 61827 is divided by 116.
115
What is the remainder when 116179 is divided by 94?
89
What is the remainder when 514740 is divided by 85790?
0
What is the remainder when 35057 is divided by 973?
29
Calculate the remainder when 3820533 is divided by 47.
44
Calculate the remainder when 297 is divided by 290.
7
What is the remainder when 3730 is divided by 197?
184
What is the remainder when 1538 is divided by 1537?
1
What is the remainder when 4951 is divided by 171?
163
What is the remainder when 24701 is divided by 1300?
1
Calculate the remainder when 25145 is divided by 6284.
9
Calculate the remainder when 2266 is divided by 74.
46
What is the remainder when 486415 is divided by 165?
160
What is the remainder when 2148 is divided by 563?
459
What is the remainder when 478 is divided by 157?
7
Calculate the remainder when 29466 is divided by 641.
621
What is the remainder when 89909 is divided by 1303?
2
Calculate the remainder when 293853 is divided by 436.
425
Calculate the remainder when 77971 is divided by 114.
109
What is the remainder when 66651 is divided by 590?
571
What is the remainder when 20814 is divided by 1889?
35
What is the remainder when 281281 is divided by 505?
501
What is the remainder when 578737 is divided by 25?
12
What is the remainder when 952949 is divided by 104?
101
Calculate the remainder when 4067 is divided by 3343.
724
Calculate the remainder when 1317329 is divided by 70.
69
Calculate the remainder when 15542 is divided by 549.
170
What is the remainder when 12825 is divided by 598?
267
What is the remainder when 2327 is divided by 57?
47
Calculate the remainder when 104103 is divided by 52046.
11
Calculate the remainder when 34588 is divided by 306.
10
What is the remainder when 1934 is divided by 1840?
94
Calculate the remainder when 221993 is divided by 6.
5
What is the remainder when 6799 is divided by 6600?
199
What is the remainder when 7881 is divided by 308?
181
What is the remainder when 57550 is divided by 105?
10
What is the remainder when 5022 is divided by 125?
22
Calculate the remainder when 41980 is divided by 41975.
5
Calculate the remainder when 68791 is divided by 1599.
34
Calculate the remainder when 27049 is divided by 2702.
29
Calculate the remainder when 4704 is divided by 91.
63
What is the remainder when 4205 is divided by 267?
200
Calculate the remainder when 1820 is divided by 874.
72
What is the remainder when 444431 is divided by 48?
47
Calculate the remainder when 359083 is divided by 119681.
40
What is the remainder when 12184